0, 3*i + 98 = 5*m. Let w be (-132)/(-13) + (-3 - 74/i). Calculate the greatest common divisor of w and 5.
5
Let p be ((-12)/8 - -2)*6. Suppose 2*f + p*f = 700. Suppose 0 = -5*y - 2*z + 3*z + f, z = 4*y - 112. Calculate the greatest common divisor of y and 112.
28
Let d = -11 + 29. Let l be ((-9)/5)/(1/(-15)). Let h = l + 18. Calculate the greatest common factor of d and h.
9
Let z be 2808/(-130)*(5/(-2))/1. What is the greatest common divisor of 96 and z?
6
Suppose -2*d - 4*t = -0*d + 8, 24 = 2*d - 4*t. Suppose 4*m + 3*b = 28, 3*b + d = 6*m - 2*m. Calculate the greatest common factor of m and 4.
4
Let f be 88 + 2*(3 + -2). Let c(y) = 4*y - 22. Let i be c(10). What is the highest common factor of i and f?
18
Suppose 65 = 2*x + 3*x - 5*f, 3*f + 23 = 2*x. Let j be ((-4)/(-6))/((-4)/(-24)). Let z = j + 4. Calculate the highest common factor of z and x.
8
Suppose 0 = -6*u + 31 + 17. Suppose -5*w + u*k = 3*k, -3*k + 12 = 0. Suppose l - w*l + 27 = 0. What is the highest common factor of l and 27?
9
Let o(d) = -d**3 - 14*d**2 - 13*d + 4. Let g be o(-13). Suppose g*k = -21 + 77. What is the highest common divisor of 154 and k?
14
Let s be (-6)/10 + (-8280)/(-50). Calculate the highest common divisor of s and 30.
15
Let b be (-111)/(12/(-28) + (-16)/28). What is the highest common divisor of 74 and b?
37
Suppose -62*l - w = -58*l - 76, 2*l = -5*w + 56. Suppose 0 = 2*x + 2*x - 696. Suppose 3*u = x - 39. What is the highest common factor of l and u?
9
Suppose 1352*d = 1342*d + 1080. Calculate the greatest common factor of d and 1152.
36
Let o be (-8)/((2 + 71/(-34))/3). What is the greatest common divisor of o and 64?
16
Suppose 3*h - 6*h + 147 = -4*w, 0 = w + 5*h + 8. Let m = w + 46. Calculate the highest common factor of 26 and m.
13
Suppose x + 2052 = 4*x. Let b be (-6)/9*x/(-4). Let m = 191 - b. What is the highest common factor of 7 and m?
7
Let d(w) = 4*w**2 - 6*w - 20. Let i be d(9). Suppose i = 3*l + 40. What is the greatest common divisor of 14 and l?
14
Let z = 153 + -73. Suppose o - z = -o. Calculate the highest common factor of o and 5.
5
Let o be (4/(-3))/(10/15). Let p be -33*1*(o - 22)/4. Calculate the highest common divisor of 18 and p.
18
Let v(c) = -34*c + 210. Let n be v(-5). Calculate the greatest common factor of 40 and n.
20
Let g = -73 - -227. Let b = g - 98. Calculate the greatest common factor of b and 7.
7
Suppose 5281 = 9*b + 4489. Calculate the greatest common factor of b and 11.
11
Suppose -7*x - 383 + 453 = 0. What is the greatest common factor of 60 and x?
10
Let d(g) = 4*g**2 + 3*g + 2. Let z be d(-1). Let w be (-176)/(-6)*((-6)/z - -5). Calculate the greatest common factor of w and 22.
22
Let g be 8/3*66/8. Suppose 2*k + 22 = 4*k. What is the highest common divisor of k and g?
11
Let k = 35 + -23. Let j be ((-1)/4)/1 + (-333)/(-36). Let x(c) = c**2 - 10*c + 11. Let d be x(j). Calculate the highest common factor of d and k.
2
Suppose -l + 15 = 4. Suppose 7*j + 14 = 8*j + 5*s, 6 = 2*j - s. Let z = j + l. Calculate the highest common divisor of z and 3.
3
Suppose 0 = 2*a, -v = 58*a - 63*a - 65. What is the highest common divisor of v and 299?
13
Let o = -22 + 36. Let r = o - -52. Calculate the highest common factor of r and 99.
33
Let d(a) be the second derivative of a**4/12 + 5*a**3/6 + 3*a**2 - 4*a. Let l be d(-2). Let u = l + 4. Calculate the greatest common divisor of 28 and u.
4
Let u be 71/710 - (-318)/20. What is the highest common factor of u and 392?
8
Let v(y) = 14*y**2 + 4*y + 66. Let t be v(-6). Calculate the highest common factor of t and 78.
78
Suppose -27*r = 164 - 2621. What is the greatest common divisor of r and 52?
13
Suppose 2*j - j = -6. Let s(a) = a**3 + 4*a**2 - 13*a + 8. Let w be s(j). What is the highest common factor of w and 2?
2
Suppose 648 = -4*p + 7*p. Suppose 2*x = -3*h + 90 - 23, 4*h - 4*x - 136 = 0. Calculate the greatest common divisor of h and p.
27
Suppose 1383 + 129 = 21*y. Suppose -3*u = 3*h - 54, 0*u = 3*u - 4*h - 40. Let s be u/(-3)*(-2 - 7). Calculate the greatest common divisor of y and s.
24
Let q(m) = 4 - 115*m + 15 + 116*m. Let b be q(-7). What is the highest common factor of 60 and b?
12
Suppose 4*p - 17 = 2*z + 5, -5*p = -z - 35. Suppose 0 = 4*g + 4, -2*c - 2*g = -p. Suppose 0 = c*b + 101 - 521. What is the greatest common factor of 12 and b?
12
Let b(w) = 4*w - 4. Let i be b(-2). Let q = i + 166. Calculate the highest common factor of 14 and q.
14
Suppose 0 = 2*b - b + 3. Let m be -1 + (-3 - 0)/b. Suppose m*t - 5*t = -210. What is the highest common divisor of 6 and t?
6
Let l be (1*30)/((-15)/((-30)/4)). What is the greatest common factor of 60 and l?
15
Suppose 0 = 3*t - 7*t + 48. What is the greatest common divisor of 96 and t?
12
Let g = -34 + 58. Let d = g - 12. Calculate the greatest common factor of d and 108.
12
Suppose 0 = -5*l - 5*m + m + 17, m + 2 = 0. Suppose -273 = -5*s - 2*f, 2*s - 45 - 49 = 3*f. Suppose t + 51 = s. What is the highest common divisor of l and t?
1
Suppose -k = 3*c - 38, 4*c - 43 = -2*k + 9*c. Calculate the greatest common factor of k and 1798.
29
Let y be (-8)/(-12) - 8/(-6). Suppose c + 4*c - 5 = -f, 10 = y*f + c. Let r be 5*((-20)/25)/(-2). What is the highest common divisor of f and r?
1
Let m(v) be the third derivative of -8/3*v**3 + 0*v + 0 - 1/4*v**4 + 9*v**2. Let w be m(-14). Calculate the highest common divisor of 17 and w.
17
Suppose -369 = -3*a + 258. Let g be (-4)/(-252)*-9*-133. Calculate the greatest common divisor of a and g.
19
Suppose -z + 45 = 4*x, -3*x + x - 5*z = -45. What is the highest common divisor of x and 5?
5
Suppose 2*r - 23 = 4*h + 17, -3*r = -h. Let i = h - -15. Let o be (-58)/(-6) - (-4)/i. What is the greatest common divisor of 121 and o?
11
Suppose 17*l - 3690 - 696 = 0. What is the greatest common factor of l and 12?
6
Let p = 325 + -61. Calculate the highest common divisor of 24 and p.
24
Let o(w) = 3*w - 7. Let b be o(9). Let d be 8*((-141)/(-6) - -4). Calculate the highest common divisor of b and d.
20
Suppose -12*a - 4*a = -32. Suppose -2*y = -0*y - 6. Let g be y + 0/(-4) + -1. What is the greatest common divisor of g and a?
2
Let i(n) = -n**3 - 4*n**2 + 7*n + 11. Let v be i(-8). Suppose 3*f = -a + 429, 4*a - v = -2*f + 75. What is the highest common factor of 13 and f?
13
Let v be 1*-1 - (-2 - 239). What is the highest common factor of v and 6?
6
Let x(d) = 5*d**2 - 27*d + 6. Let g be x(7). What is the greatest common factor of g and 93?
31
Suppose 5*l = -11 + 26. Let b be (11 + -5)*14/l. Suppose 3*r = 5*t - 4, -t - 1 = 3*r - 27. What is the highest common divisor of b and r?
7
Suppose v = -2*l + 7, -4*l + 4*v + 13 = 5*v. Suppose -6*a + l*a + 10 = -h, a + 2 = -5*h. What is the greatest common divisor of 9 and a?
3
Let q be (-10)/45 - (-256)/18. Suppose -q*x + 8*x = -180. What is the highest common factor of x and 45?
15
Let v(r) = 2*r**3 + r**2 + 3*r - 24. Let y be v(7). Calculate the highest common factor of y and 48.
12
Let l(p) = 43*p - 5. Suppose 10*r - 7*r = 6. Let o be l(r). Calculate the highest common factor of 54 and o.
27
Let q(d) = d - 8. Let f be q(14). Let p be (-40)/2*(-1 - 0). Suppose o = -f + p. What is the greatest common factor of 2 and o?
2
Let y(q) = -11*q**2 - 2*q + 2. Let r be y(2). Let x be (-4)/2 - r/1. Let m(f) = 11*f + 11. Let b be m(0). What is the highest common divisor of x and b?
11
Let a = 355 - 339. Calculate the greatest common divisor of 136 and a.
8
Suppose -2*q + 5*c + 44 = -0*q, 3*q = 4*c + 80. Let n = -24 - -40. What is the highest common divisor of q and n?
16
Suppose 3*a + t - 789 = 0, 4*a + 0*t = -t + 1053. Suppose 3*z = 7*z - a. Let b be (-360)/(-11) + (-306)/(-1122). What is the greatest common divisor of z and b?
33
Let w = -17 - -49. Suppose 2*v + 6*v - w = 0. Calculate the greatest common factor of 16 and v.
4
Let t be (-3 + 33/15)*(-15)/6. Suppose w - t*w = -42. What is the greatest common divisor of 168 and w?
42
Let a(k) = k + 2. Let t be a(3). Suppose -10 = t*x - 15*x. Let o(b) = b**2 - 4*b + 2. Let r be o(4). Calculate the highest common divisor of r and x.
1
Suppose 5*p - 6*o = -2*o + 50, -5*p - 5*o = -50. Suppose 450 = -t + 6*t. Calculate the highest common divisor of t and p.
10
Suppose -2*h + 6 = -0. Let i = 2 + h. Let o be 0 + 10 - (-1 + 11 + -2). Cal